t of j?
2
What is the hundreds digit of (14/6)/(2/216)?
2
Let d = 15 + -8. Suppose -3*s = -d*s + 64. What is the units digit of s?
6
Let t(x) = -141*x. Let j be t(1). Let w be 4/(-18) - j/27. Suppose -w*o = -3*p + 25, 5*p - 49 = o - 0*o. What is the tens digit of p?
1
Let y be -6*(-4)/(-2 - -14). Suppose y*j = 42 + 8. What is the tens digit of j?
2
Let n(a) = a**2 + 8*a + 13. What is the tens digit of n(-10)?
3
What is the units digit of (-2)/6*(6 + 33)*-1?
3
Let u = 7 + -10. Let p = 0 + u. Let j(x) = -x**3 - x**2 + 4*x + 3. What is the units digit of j(p)?
9
Let c = -9 + 49. What is the units digit of c?
0
Suppose 6*f + 66 = 9*f. Suppose 0 = z - f. What is the tens digit of z?
2
Let d(x) = 2 - 2*x + 0 - 8. What is the units digit of d(-7)?
8
Let d be (-1)/5 + (-22)/(-10). Suppose 4*w - 3*w = 0. Suppose d*s + w*v + 2*v = 6, -4*v = 5*s - 15. What is the units digit of s?
3
Let u be (-2)/(2/8 + 0). What is the units digit of (14/u)/((-10)/40)?
7
What is the tens digit of 2/(-4)*(-2 + -80)?
4
Suppose -5 = 5*l, l - 3*l + 18 = -5*g. What is the tens digit of 22*(2/g + 1)?
1
Let f be (2/(-6))/((-5)/30). Suppose 5*k - f*k = 57. What is the tens digit of k?
1
Let m(o) = o**3 + 4*o**2 - o + 2. Let d be -2 + (-18)/(-3) + 2. Suppose -12 = -3*h + d*h. What is the units digit of m(h)?
6
What is the tens digit of 14*11*-5*(-4)/20?
5
Let k = 60 + -1. Let o = 115 - k. What is the tens digit of o?
5
Suppose 4*d + 8 = 24. Let w be (3 - -2) + 0/4. Suppose 6 = -d*h + w*h. What is the units digit of h?
6
Let d(x) = 12*x. Suppose 3*s + 0*s - 2*v - 6 = 0, 0 = -3*v. What is the units digit of d(s)?
4
Suppose 0*k = 5*k. Let f(l) = l**2 + 6. What is the units digit of f(k)?
6
Suppose -2*j - 2*j + 8 = 0. Let z = j + 0. Suppose r + 2 = 2*r, z*u - 32 = -r. What is the tens digit of u?
1
Let b(v) = 16*v. Let a = -6 - -10. Suppose 4*f - 22 + 1 = -x, x + a = f. What is the tens digit of b(x)?
1
Suppose -37 = -v - 0*v. What is the tens digit of v?
3
Suppose -72 = -0*p - 4*p. Let n be 4/18 - 4/p. Suppose -5*g + 5*y = -45, 4*g + 0*g + 5*y + 9 = n. What is the units digit of g?
4
Let c = 130 - 72. What is the tens digit of c?
5
Let p = 3 - -1. Suppose -p*k = -10 + 6. What is the units digit of k?
1
Let u be (2 - 1) + (-18)/(-2). Suppose -u*j = -7*j. Suppose j = 5*v + 25, 2*g - 3*v = 13 + 26. What is the units digit of g?
2
Let s(v) = -6*v - 6. Suppose -4*h + 4*l - 24 = 0, -h - 10 = 5*l - 8*l. What is the tens digit of s(h)?
1
Let h = 26 + -5. What is the units digit of h?
1
Let s(b) = 2*b + 4. Suppose 2*k + n - 22 = 5*n, -n = 4. What is the tens digit of s(k)?
1
Let r be (-7)/(-14) - 2/4. What is the tens digit of (r - -1)*11 + 2?
1
Let l = 481 - 195. What is the hundreds digit of l?
2
Suppose -5*t = 3*v - 31, t + 0*t - 7 = -v. Let l(z) = z - z**2 + 5*z - z + v. What is the units digit of l(5)?
2
Suppose -q = -3 - 1. Suppose -q*l + 5 = -3*l. What is the units digit of l?
5
Suppose 0*n + 6 = -2*n. What is the units digit of (1/n)/(10/(-270))?
9
Suppose 4*u = -15 - 49. Let k = u + 50. What is the tens digit of k?
3
Let k(g) = g**3 - 6*g**2 + 5*g - 1. Let b be k(5). Let j = b + 6. What is the units digit of j?
5
What is the hundreds digit of (17 - 24)/(2/(-48))?
1
Suppose -5*p + 5 = 5*m, 3*p - p + m - 7 = 0. Let r = 28 - p. What is the tens digit of (r/4)/((-5)/(-10))?
1
Let b be (-56)/(-26) - 2/13. Suppose -58 = -b*x - 0*x. What is the units digit of x?
9
Suppose 0 = p + 8 + 3. What is the tens digit of (6/(-10))/(p/715)?
3
Suppose -2*l = -0*r - 2*r - 32, -5*l = 3*r + 88. Let y = 42 + r. What is the units digit of y?
1
Let l(x) = x**2 - 4*x - 2. Let f be l(4). Let n be (4/(-3))/(f/(-6)). Let w = 9 + n. What is the units digit of w?
5
Let t(x) = 2*x + 14. Let f be t(-10). Let s = -4 + f. What is the units digit of 0 + -3 - -1 - s?
8
Let v(q) = 61*q**2 + 10*q - 1. What is the tens digit of v(-2)?
2
Let r(f) = -f**2 - 3*f - 4. Let i be r(-5). Let q be (72/(-42))/(2/i). Suppose -3*b = q, 0 = -4*v - v + b + 99. What is the units digit of v?
9
Let r(x) = x**2 + 3*x + 2. What is the units digit of r(-5)?
2
Suppose -3*r = -2*r. Let z be 3 + (39 + r)/3. Suppose 0 = -3*a + 2*y - 3*y + z, -a + 4*y = 12. What is the units digit of a?
4
Let t = -140 - -200. What is the units digit of t?
0
Suppose -5*h + 55 = 45. What is the units digit of h?
2
What is the units digit of ((-28)/(-6))/((-22)/(-165))?
5
Let y be (-51)/6 + (-1)/2. Let t be 16/(-6)*y/6. Suppose 0*i + i = -4*u, 3*u = t*i + 19. What is the units digit of u?
1
Let k be 2/8 + 52/(-16). Let z = 3 + k. Suppose z = v + 2 - 7. What is the units digit of v?
5
Let i = 25 + -39. Let v be (-10)/(-14) - 4/i. Let x(m) = 6*m. What is the units digit of x(v)?
6
Suppose 2*n = 3*n - 4. Let j be 6 + (-3)/(12/4). Suppose -3*g + 3*w = -27, g - w = -n*w + j. What is the units digit of g?
8
Let t(x) = x**3 - 5*x + 0*x**3 - 6*x**2 - 3 + 0*x**3. What is the tens digit of t(7)?
1
Suppose 0 = 4*b - 2 - 14. Suppose -4*t = -0*t + b. What is the units digit of (t/4)/1*-4?
1
Let p be (-1)/(2 + 47/(-23)). Let t = -23 + 36. Let f = p - t. What is the tens digit of f?
1
Suppose -4*q + 5*o = -132, -4*o - 60 = -5*q + 3*q. What is the units digit of q?
8
Let q(l) = l**3 - 2*l**2 + 4*l - 3. Let r be q(2). Let j = 11 + r. What is the tens digit of j?
1
Let q(k) = -k**2 + 10*k. Let z be 10/(3*2/6). Let r be q(z). Suppose p + 0*p - 12 = r. What is the units digit of p?
2
Let m(h) = h**2 - 7*h + 5. Let d be m(6). Let p(z) = 8*z**2 - 1. What is the units digit of p(d)?
7
Let p be 4*4/(-8) - 4. Let d = p - -17. What is the units digit of d?
1
Let z be (-35)/(-4) + -4 - (-3)/12. Let h(b) be the first derivative of b**3/3 - 5*b**2/2 + b + 1. What is the units digit of h(z)?
1
Let m = 3 - -3. Let f = -14 + m. Let z = 13 + f. What is the units digit of z?
5
Suppose -l - 2*r - 8 = 0, 5*l - 35 = 5*r - 0. Suppose l*q = -3 + 25. What is the units digit of q?
1
What is the units digit of -2*(27/(-6))/1?
9
Let c = 6 - 5. Suppose -3*k + 3*y = -6*k + 9, -k - 3*y + c = 0. Suppose u - k*j - 14 = -0*u, 0 = -j. What is the units digit of u?
4
Suppose 0*m - 8*m + 1376 = 0. What is the tens digit of m?
7
What is the tens digit of -1 - (0 + (-2 - 60))?
6
Suppose -27 = 3*z - 4*m, -2*z = -2*m - m + 19. Let a = z + 1. What is the units digit of 141/27 - a/(-18)?
5
Let o be 13 + 3 + (0 - -2). Suppose o = l + 6. What is the units digit of l?
2
Suppose -2*l = -60 + 2. What is the tens digit of l?
2
Suppose 253 = 3*s + 2*o + 44, 5*s - 339 = -o. What is the tens digit of s?
6
Let z = 4 - 3. Suppose -1 = 5*t - 6*t. What is the units digit of 3 + (1/z)/t?
4
Let t(n) = 2*n**2 - 5*n + 4. Let a be (4/10)/(1/10). What is the units digit of t(a)?
6
Suppose -2*f = 4*k - 1694, 877 = 2*k - f - 4*f. What is the hundreds digit of k?
4
Suppose 5 + 20 = 5*h. Let o = h - 4. What is the units digit of o?
1
Suppose -5*n = s - 6 - 16, -4*n - 4*s + 24 = 0. Suppose 4*d = 4*h + 464, -2*h - 2*h - 464 = n*d. What is the tens digit of h/(-6) + (-5)/15?
1
Suppose -5*t - 97 = -2*u, -5*u + 3*t = -43 - 190. What is the units digit of u?
6
Suppose -4*f + 3*f + 7 = 0. Suppose -2*v - f = -87. What is the units digit of v?
0
Let r(z) be the second derivative of -z**5/20 - z**4/12 - z**3/2 - z**2 + z. What is the units digit of r(-2)?
8
Suppose -5*s - 5*y = -65, y + 2*y + 45 = 4*s. Let t = -2 + s. What is the tens digit of t?
1
Let j be (-114)/15 + (-2)/5. Let z = 12 + j. What is the units digit of z?
4
Let k(n) = -6*n**3 + n**2 - 1. Let v be k(-1). Let b(d) = -d**3 + 4*d**2 + 2*d - 4. Let q be b(4). What is the tens digit of (0 + 21/v)*q?
1
Suppose -3*a = a. What is the units digit of (a + -3)/3*-5?
5
Let y be (0 + 1/(-2))*-8. Let n(q) = q**2 + 2*q - 2. Let t be n(-4). Suppose -y*i + i = -t. What is the units digit of i?
2
Suppose -3 = -p - 2. Let c(a) = a + 10*a**2 - a - p + 0*a. What is the units digit of c(1)?
9
Suppose 2*k + 2*w + 0*w = 8, -2*k - 3*w + 9 = 0. Suppose -t - k*t - 8 = 0. What is the units digit of (0 + -3)*t/6?
1
Let c be 7/2 - 3/6. Suppose -c*x + 16 = x. What is the units digit of x?
4
Suppose -4*c + 4 = 2*l, 2*l - 5*c - 28 = -6. Let d = l - 11. What is the units digit of (-2)/5 + (-82)/d?
6
Let p(f) = 7*f**2 + 3*f - 1. What is the tens digit of p(3)?
7
Suppose 3*m = -2*f + 140 + 36, -2*f - 196 = -3*m. What i